 Suppose -6*u + 26*u = g. What is the tens digit of u?
3
Suppose -7*x + 14*x - 28 = 0. What is the units digit of ((-576)/336)/(x/(-14))?
6
Suppose 36*r + 5*c = 41*r - 1170, 4*r - 971 = -3*c. Let k = 6 + -3. Suppose 4*o = -k*h + r + 77, -4*h - 5*o = -420. What is the tens digit of h?
0
Let c be 1/4 - 92/(-16). Suppose c*z = 365 + 937. What is the hundreds digit of z?
2
Suppose -8 = -0*j + 4*j, 4*j - 225 = -t. Let m = -3786 + 3946. Let g = t - m. What is the units digit of g?
3
Suppose -4*i - 12 = 0, 0 = 5*t + 6*i - 9*i - 39. Suppose -u - 4*u + 3*f + 60 = 0, 4*u = 3*f + 51. Suppose -t*s - 276 = -u*s. What is the units digit of s?
2
Suppose -178*u + 3216493 = -1449421. What is the units digit of u?
3
Let c(v) = -326*v - 60. Let t be c(-5). Suppose 0 = 126*k - 116*k - t. What is the tens digit of k?
5
Suppose 75*b - 72*b + 585 = 0. Let z = -17 - b. What is the units digit of z?
8
Let v = 180 + -174. What is the units digit of 506 - (3 + -5) - v?
2
Suppose -2*h + 113110 = -3*c, -67748 = 4*h - c - 293938. What is the tens digit of h?
4
Suppose 9*p + 240 = 4*p. Let y = p - -50. Suppose -4*j - y*d = -350, -179 = -0*j - 2*j + 3*d. What is the units digit of j?
8
Let y = 915 - 18. Let r = -371 + y. What is the tens digit of r?
2
Let c(m) = -m - 29. Let b(s) = -s - 28. Let x(v) = 2*b(v) - 3*c(v). Let i be x(11). Let w = -16 + i. What is the tens digit of w?
2
Let v(q) = -4*q**3 - q**2 - 2*q - 2. Let z be v(-1). Suppose -z*t + 70 = -t. Suppose 32*s - t*s = -291. What is the tens digit of s?
9
Let l = -55 + 332. Let a be (-2964)/(-20) + (-4)/(-5). Let g = l - a. What is the hundreds digit of g?
1
What is the tens digit of 23127*2/(-8)*(168/36 - 6)?
0
Let k(y) = -172*y + 14. Suppose -7 = -953*l + 954*l. What is the thousands digit of k(l)?
1
Let m = 62 + 13. Let r = 4 + m. What is the tens digit of r?
7
Let g = -6090 + 11554. Let r be (-2)/(-9) - g/(-36). Suppose -5*t = -273 - r. What is the units digit of t?
5
Suppose -13*z = -43036 - 1762. Let j = z - 1587. What is the tens digit of j?
5
Let w = -1247 - -5978. What is the hundreds digit of w?
7
Suppose u - 23748 = 7*w + 959, 3*u - 3*w = 74013. What is the tens digit of u?
6
Suppose 0 = -86*i + 82*i + 28. Suppose i*s + 198 + 362 = 0. Let n = 237 + s. What is the tens digit of n?
5
Let c = 24632 - 22063. What is the units digit of c?
9
Let u be 824/14*14/(-4). Let r = u - -207. What is the units digit of r?
1
Suppose 6 = 3*l, 3*i + 0 = -2*l + 10. Suppose 0 = -4*x + 6*z + 6682, -5011 = -i*x - x + 4*z. What is the units digit of x?
9
Suppose -5*i + 559 = -2*s - 315, 2*i + 2*s - 344 = 0. Let n = i + 30. What is the units digit of n?
4
Suppose -335 = u - 6*u - 5*j, -4*u - j + 262 = 0. Let c(y) = -y**3 + 16*y**2 - 12*y + 1. Let s be c(15). Let i = u - s. What is the units digit of i?
9
Let b(h) = 2*h**2 - 24*h**3 - 3*h + h - 5 + h + 2. What is the tens digit of b(-1)?
2
Suppose 37967*w - 37977*w + 87200 = 0. What is the hundreds digit of w?
7
Let i = 3843 - 1640. What is the hundreds digit of i?
2
Let a(x) = -x + 34. Let b be a(0). Let n(r) = 27*r - 157. Let c be n(6). Suppose -c*i - 2*m = -0*m - 305, i - 5*m = b. What is the units digit of i?
9
Suppose 4*a + 6 = -5*q - 32, -18 = 4*q - 3*a. Let g = -13 + 21. What is the units digit of (-42 + g)/(4/q)?
1
What is the tens digit of 5*(-65)/39*145242/(-50)?
0
Let d be 1/5 + 3*3111/(-15). What is the units digit of (1*d)/(-35 + 34)?
2
Let y = 832 - 67. Suppose 0 = -12*o + 17*o - y. What is the tens digit of o?
5
Suppose -3*k - 6 = 0, 0 = 3*w - 0*k - 2*k - 19. Suppose -2*z + 105 = -i + 3*z, -w*z - 395 = 4*i. What is the tens digit of (-3075)/i - (-2)/8?
3
What is the tens digit of 464784/27 - 730/3285?
1
What is the units digit of 48/(-6) + 25231 - (17 - 8)?
4
Let g(f) = -11574*f**2 + 0*f**3 + 11582*f**2 + 8*f + f**3. Let y = -12 + 6. What is the tens digit of g(y)?
2
Let c = -7178 + 10879. What is the hundreds digit of c?
7
Suppose -26*g + 24*g - 3*s + 32272 = 0, 0 = 5*s + 40. What is the thousands digit of g?
6
What is the units digit of 1087735/275 - (-12)/20?
6
Suppose 4 = 3*v - 2*v. Suppose 4*s + 5*q = -0*q + 1487, -v*s = q - 1475. What is the tens digit of s?
6
Let r(l) = -158*l**2 - 3. Let p(h) = 790*h**2 + 16. Let i(b) = -2*p(b) - 11*r(b). What is the tens digit of i(-2)?
3
Let s = 23 - 23. Suppose -4*o - 696 + 164 = s. Let f = -73 - o. What is the units digit of f?
0
Suppose -4*w - k + 1182 = 0, -2*k - 700 + 104 = -2*w. Suppose 27*d = w + 11206. What is the units digit of d?
6
Suppose -4*y + 3*c - 628 = -8*y, 3*c = y - 157. Suppose -2*w + w = -y. What is the hundreds digit of w?
1
Suppose 69 = -4*d + 3*j, -4*d + 4*j = -3*d + 14. Let v(f) = -f**2 - 49*f - 15. What is the hundreds digit of v(d)?
5
Let p(u) = -13*u - 62. Let n be p(-5). What is the tens digit of 5 + n/(-9) + (-1759)/(-3)?
9
Suppose 4*z - 5 = -u - 11, -3*z = -3. What is the units digit of (-1045)/(-19)*(-42)/u?
1
Suppose -d = -35*d + 208315 + 1197313. What is the ten thousands digit of d?
4
What is the hundreds digit of -2*(-15)/30*31223?
2
Let c = 381 + -382. What is the hundreds digit of (-6)/c + 1032 + -7?
0
Let m(p) = -10*p**2 - 23*p + 14. Let k be m(-12). Let d = -518 - k. What is the hundreds digit of d?
6
Let l(k) = 73*k + 519. What is the tens digit of l(15)?
1
Let j(g) = -16*g + 41. Let t(o) = 5*o - 14. Let f(b) = b**2 + 8*b - 7. Let d be f(-9). Let c(v) = d*j(v) + 7*t(v). What is the tens digit of c(9)?
1
Let z(g) = -3*g - 17. Let n be z(-9). What is the hundreds digit of 9/21 - n/105*-6978?
6
Let x(n) be the second derivative of -33*n**3/2 + 5*n**2 - 2*n. Let t be x(-6). What is the units digit of (-1)/(-5) + t/30*6?
1
Let w = 195 + -49. Let r = -82 + w. Let b = r + -39. What is the tens digit of b?
2
Suppose -5*d = 4*q - 519, 0 = -5*q + q - 2*d + 510. Let r = 13 - 11. Suppose -q - 26 = -r*v. What is the units digit of v?
6
Suppose 64*m + 3012 + 7437 = 67*m. What is the hundreds digit of m?
4
What is the thousands digit of 258504/(-9)*(-123)/328?
0
Let f(n) = 122 + 2*n + 9*n + 18*n - 21*n + 13*n. What is the tens digit of f(16)?
5
Let p(j) = -j**3 - 4*j**2 - 3*j. Let z be p(-3). Let g(k) = -5 + 0 + 7 - k + 7 + 6 - 2*k**2. What is the tens digit of g(z)?
1
Let p(a) = -8*a + 18. Let s = 52 + -46. Let k be p(s). Let f = 72 + k. What is the tens digit of f?
4
Let h(t) = 6621*t + 679. What is the hundreds digit of h(3)?
5
Let d(j) = 2*j**2 - 72*j - 430. What is the units digit of d(43)?
2
Suppose 34069 + 38167 = 5*m - 4*w, m - 14452 = -4*w. What is the ten thousands digit of m?
1
Suppose -12*g + 549 = -1479. Let h = 29 - g. What is the units digit of (51/2)/(-2 - 295/h)?
8
Let t(c) = c. Let p(k) = 12*k + 9. Let w(z) = -2*p(z) + 22*t(z). Let b be w(-9). Suppose 0 = -4*q - b*q + 8. What is the units digit of q?
2
Let d(o) = -37*o + 73. Suppose 0 = 6*q + 107 - 41. What is the tens digit of d(q)?
8
Suppose -2*h + 5*g - g + 1294 = 0, 5*g + 644 = h. Suppose -9*t - 2*t = -h. Suppose -4*a = 4, -4*s + t = 5*a - 344. What is the tens digit of s?
0
Let n(d) = 2 + 4 - 1 + d**2 + 0 - 11*d. What is the hundreds digit of n(19)?
1
Let i = 24841 + -16678. What is the thousands digit of i?
8
Let m = -651 - -654. Suppose -5 = -5*q, q + 1641 = 5*x - m*q. What is the tens digit of x?
2
Suppose 0 = 11*z + z - 108. What is the hundreds digit of -5 + 7209/z + -1 + 3?
7
Let j(z) = z**3 - 10*z**2 + 14*z - 36. Let g be j(9). What is the tens digit of (-33)/(-6)*6*444/g?
2
Suppose -111*j = -113*j + 9838. What is the thousands digit of j?
4
Let w(x) = -x**3 + 20*x**2 - 11*x - 101. Let n be w(17). Let v = -554 + n. What is the tens digit of v?
2
Let r(x) = -64*x + 24. Let k(u) = 13*u + 113. Let b be k(-9). What is the units digit of r(b)?
0
Let y(c) = 75*c + 51. Let w(r) = -4*r - 33. Let t be w(-10). Let b be y(t). What is the units digit of 1 - 0 - (-7)/(28/b)?
5
Let w be (3 - (9 + -4)) + (7 - 1). What is the units digit of (6 - -72 - w)*3?
2
Suppose t - 547 = -2*r, 0*t = -r + 2*t + 266. Suppose -26*w - r = -22*w. Let s = -4 - w. What is the tens digit of s?
6
Suppose -3*l = t - 19291, 4 = -t - 1. What is the tens digit of l?
3
Let u(f) = -2*f**2 + 14*f - 26. Let p be u(2). What is the units digit of (2/p)/(5 - 35044/7008)?
4
Let r(c) = -2564*c + 1925. What is the tens digit of r(-5)?
4
Suppose 0*n - 12 = 3*n, n 